t s(l) = l**3 - 17*l**2 + 31*l - 14. Let q be s(15). Calculate f(q).
3
Let z(h) = -h**3 + 2*h**2 - h - 2. Let w(k) = k**3 + 12*k**2 + 10*k - 9. Let j(y) = 5*y + 6 - 6 - y + 5. Let u be j(-4). Let t be w(u). Calculate z(t).
-4
Let r(d) = -d**2 + 7. Let u be 2/(-6) + 1*(-7)/(-21). Determine r(u).
7
Suppose -3*u + 9 = 5*p, -u = -2*u + 3. Suppose -4*f = -p*f + 4. Let v(g) = -8*g - 1. Determine v(f).
7
Let c = 3 + -4. Let w be 30/9*(-36)/(-20). Let d(k) = 1 + k + 0*k - w*k. Determine d(c).
6
Let w = -6 + 3. Suppose -12*b = -14*b + 26. Let j(l) = 2*l - 3 + 3*l + 6*l - b*l. What is j(w)?
3
Let v(l) = -l**2 + 4*l + 3. Let q = 14 + -16. What is v(q)?
-9
Let u(f) = f + 99 + 2*f**3 + f - 98 + 2*f**3. Give u(-1).
-5
Let i be (-38)/(-8) - (-1)/4. Suppose 5 = -i*h - z, 0 = -z - 3*z. Let r(v) be the second derivative of -3*v**5/10 + v**3/3 + v**2/2 + 54*v. Give r(h).
5
Let u(m) = 7*m**3 - 15*m**2 - 7*m - 2. Suppose 0*g + 12 = -3*g. Let q(n) = -3*n**3 + 7*n**2 + 3*n + 1. Let b(k) = g*u(k) - 9*q(k). Determine b(-3).
-4
Let g(o) = o**3 - 4*o**2 - 4*o - 1. Let d(w) = -w**2 + 7*w + 5. Let k(b) = 2*b**2 - 14*b - 11. Let v(m) = -5*d(m) - 2*k(m). Let y be v(8). Calculate g(y).
4
Let a(c) = 7 - 3*c - c**2 - 2 + 6*c - 4*c - 4*c. Suppose 5*r + 5*s + 10 = 0, -s = -0*r + 5*r + 18. Calculate a(r).
9
Suppose 2*v = o - 5*o, 3*o = -3*v. Let s(b) = v*b - 5 - b**3 - 3*b**3 + 5*b**2 + 3*b**3 + b. Determine s(5).
0
Let a(i) be the third derivative of 1/60*i**5 + 1/120*i**6 + 0*i + 2*i**2 - 1/24*i**4 + 2/3*i**3 + 0. Calculate a(0).
4
Let v(p) = -p**3 - 6*p**2 - 3*p + 7. Let t(d) = d**2 - d. Let z be t(0). Let l(j) = j**2 + j + 10. Let f be l(z). Suppose -2*i = -4*i - f. Calculate v(i).
-3
Suppose 0 = 3*i - 7*i - 4*s - 4, 0 = -5*i + 4*s - 32. Let x(t) = t. Let y(a) = -4*a + 1. Let g(d) = -6*x(d) - y(d). Give g(i).
7
Let m(h) be the first derivative of -1/4*h**4 - 2*h + 1/2*h**2 + 0*h**3 + 3. Determine m(0).
-2
Suppose 2*i + 0 = -2, 0 = p - 5*i - 10. Let j(w) be the second derivative of -w**5/20 + w**4/3 + w**3 + 2*w**2 + 4*w + 2. Determine j(p).
9
Let n = -6 - -1. Suppose 37 = -3*m + 13. Let d(i) = 3*i - 8. Let w(b) = -2*b + 5. Let l(j) = m*w(j) + n*d(j). Give l(-2).
-2
Suppose -38 + 10 = 7*p. Let z(s) = 10*s + 16. Let v(c) = 7*c + 11. Let m(t) = 7*v(t) - 5*z(t). Determine m(p).
1
Suppose n - 3*n + 4*m - 10 = 0, 50 = 5*n + 5*m. Let p(i) = -17*i**2 - 2 + 16*i**2 + 3*i + 8. Give p(n).
-4
Let r(q) = q - 6. Let t(w) = -w**3 + 7*w**2 - 6*w + 5. Suppose 0 = i - 0*i - 3. Suppose k - s = -0*s + 9, 2*k + 5*s = -i. Let v be t(k). What is r(v)?
-1
Let o = -261/2 - -133. Let d(z) be the first derivative of z + o*z**2 - 2. What is d(-2)?
-9
Suppose -3*w - 9 = 0, 2*u + 7 = -2*u + 3*w. Let s(m) = 2*m. Determine s(u).
-8
Let w = -5 + 1. Let v be 0*2/w + 2. Let z(h) = 3 - 3*h + 5*h**2 - 3*h**2 - v*h**3 + h**3. Calculate z(2).
-3
Let x(b) = -b**3 + 5*b**2 - 5*b + 5. Let p be -6*1*1/(-2). Let l be (-1)/(p/(-24)*2). Calculate x(l).
1
Let a = 7 + 14. Suppose -8 - 1 = -3*q - 5*b, 5*b = 3*q + a. Let x(k) = -k**3 - 2. Calculate x(q).
6
Let f(r) = 588 - 3*r - 587 + 6*r. Determine f(-1).
-2
Let o(u) = 3*u**2 - 8*u**2 - 136 + 132 - 5*u**2 + u + u**3. What is o(10)?
6
Let w(v) be the first derivative of v**5/12 - v**4/24 + v**3/6 + v**2/2 - 2. Let f(x) be the second derivative of w(x). Determine f(1).
5
Suppose -5*k - 7 = -27. Suppose 0 = 6*n - k*n + 6. Let j(f) = 1 - f + 3*f + 1. Calculate j(n).
-4
Let t(r) = 3*r**2 - 3*r**2 + 3*r**2 - r**3 + 4 - 19*r + 20*r. Calculate t(3).
7
Let p be (-940)/28 - 4/(-7). Let v be p/(-22)*(3 - -1). Let f(l) = -l + 1. What is f(v)?
-5
Let s(k) be the first derivative of -3*k**2 - 4. Determine s(1).
-6
Let q(o) = -o - 1. Let s(c) = c**2 + 7*c - 5. Let h(i) = q(i) + s(i). Give h(-5).
-11
Let f(h) = h**2 - 5*h + 4. Suppose 5*n - 70 = -55. Calculate f(n).
-2
Let y(o) = 8*o**2 - 11*o + 2. Let q(r) = 7*r**2 - 10*r + 2. Let v(l) = -6*q(l) + 5*y(l). What is v(3)?
-5
Let h(l) be the second derivative of l**5/20 - l**4/6 + l**2/2 + l - 15. Calculate h(-2).
-15
Let h(n) = -16 + 12 - 2*n**3 + 2*n**2 + n**3. Determine h(3).
-13
Let s(d) = -32*d**2 - 1 - 27*d**2 + d**3 + 65*d**2 + d - 2*d**3. Let v = -5 - -11. What is s(v)?
5
Suppose 5*y - y = 16. Let q(n) = -5*n. Let r(f) be the second derivative of 3*f**3/2 + f**2/2 - 6*f. Let j(d) = 5*q(d) + 3*r(d). Give j(y).
11
Let w(k) = -2*k - 2. Suppose -24 = 4*j - 8. Give w(j).
6
Let l(h) = h**2 + 6*h - 2. Let o be l(-6). Let d = o + 5. Let f(c) = 4*c**2 + 3 - 2 - 2*c**d - 3*c + 2 - 1. Calculate f(2).
-4
Let r be -4 + (-2 - -1) + (8 - 6). Let x(w) = -2*w**2 - 3*w - 2. Give x(r).
-11
Let l(f) = -f**3 - f**2 + f + 3. Suppose 3*v = 2*h - 6, -2 + 14 = 3*v + 4*h. Give l(v).
3
Let j(w) be the first derivative of w**3 - 4 + w - 1/4*w**4 - w**2. Suppose 0 = 5*p - 5 - 0. Give j(p).
1
Let l(c) = c + 11. Let p be l(-9). Let o(s) = 3 + p*s + 2 - s. Calculate o(-4).
1
Let y(n) = -7*n. Let r(b) = 119*b. Let p(t) = -2*r(t) - 35*y(t). Determine p(-1).
-7
Let t(z) = -19*z - 18*z - 2 + 51*z - 15*z. Let g(b) = 2*b + 3. Let w be g(-3). Calculate t(w).
1
Let t(y) = -y**3 + 6*y**2 + 8*y - 1. Let h be t(7). Suppose z - 25 = h*z - 2*o, 16 = -2*z + 2*o. Let f(c) = -c. Determine f(z).
3
Let o(h) be the second derivative of -h**3/2 + 2*h**2 - 4*h + 3. Give o(7).
-17
Let n(a) = 1. Let j(c) = 7*c + 6. Let v(x) = j(x) - 5*n(x). Let z(k) = -2*k**3 + 3*k - 2. Let o be z(1). Calculate v(o).
-6
Let u(r) = -3*r - 9. Let b(t) = -t - 2. Let h(s) = 9*b(s) - 2*u(s). Suppose o - 2*n - 11 = 4*o, -o - n = 5. Determine h(o).
3
Let i(k) = 0*k + 1 + 5*k - k + k. Let d = 1 + 0. Calculate i(d).
6
Let h = -7 - -1. Let w be (-10)/h + 2/6. Let j(i) = -4*i + 5*i**w - 2*i**2 - 2*i**2. What is j(3)?
-3
Let y(z) = z - 3 - 5*z + 2*z. Determine y(-3).
3
Let n(i) be the first derivative of i**3/3 + 7*i**2/2 + 5*i - 13. Suppose 2*y + 5 = -5. Calculate n(y).
-5
Let a(k) = 49 - 26 - 19 + 4*k**2 + 9*k + 2*k**3 - 4*k. Determine a(-3).
-29
Let f(k) = k + 1. Suppose 5*m + 6 = 2*v, 2*v - m = -4*m - 10. Calculate f(v).
-1
Let w(h) be the third derivative of -h**8/1120 + h**6/360 + h**5/120 - h**4/8 + 5*h**2. Let t(d) be the second derivative of w(d). Calculate t(-1).
5
Let n(y) be the third derivative of 0 + 2/3*y**3 + 0*y - 1/60*y**5 + 1/6*y**4 - 5*y**2. Suppose 7 + 5 = 2*d. What is n(d)?
-8
Let r(g) = g. Suppose 2*w + 0*w = 10. Suppose -w*t = -o - 23, 3*t - 21 = -4*o + o. Calculate r(t).
5
Let l(o) = 21*o**3 + 16*o**2 + 11*o. Let t(s) = 4*s**3 + 3*s**2 + 2*s. Let r(g) = -2*l(g) + 11*t(g). Give r(1).
3
Let i(q) = q**2 + 4*q - 7. Let g(v) = v - 1. Let z(w) = 2*g(w) - i(w). Suppose -26 = -4*u - 10. Let m(c) = -c**2 + 3*c. Let d be m(u). Determine z(d).
-3
Let l(m) = -5*m**2 + 2*m + 3. Let p = -9 + 4. Let s(w) be the first derivative of 4*w**3/3 - w**2 - 2*w + 8. Let g(x) = p*l(x) - 6*s(x). Calculate g(2).
5
Let f(p) = p**3 - 3*p**2 - 2*p + 1. Let t = -14 + 17. Determine f(t).
-5
Let m(y) = y**3 + 13*y**2 + 12*y - 1. Let h be m(-12). Let r(c) = -4*c + 1. Determine r(h).
5
Let o be 4/(-14) + (-2)/(-7). Let j(f) = 2 - 6 - 2*f + 11 + o*f. Calculate j(6).
-5
Let m(v) be the first derivative of v**4/2 - v**3/3 - v**2/2 + v - 13. What is m(-2)?
-17
Let k(c) be the second derivative of -c**5/20 + 5*c**4/12 + c**2 + 5*c. Determine k(5).
2
Suppose 3*f = 1 - 4. Let c be (f - 4/(-3))*-6. Let n(t) = 2*t**2 + 3*t + 2. What is n(c)?
4
Let k(p) be the first derivative of -1/2*p**2 + 1 + 3*p + 2*p**3 - 1/4*p**4. Let x = 32 - 26. Calculate k(x).
-3
Let b = -10 - 3. Let s = 26 + b. Suppose t = 2*z + s, -3*z + 2*t - 11 = 11. Let j(x) = -x - 3. Give j(z).
1
Let s be 82/8 - 14/56. Suppose 0 = 9*m - 4*m + s. Let j(i) = i - 1. What is j(m)?
-3
Let p(b) be the first derivative of -b**4/4 - 4*b**3/3 - b**2/2 + 4. Give p(-3).
-6
Let o(u) be the third derivative of 5*u**2 + 0*u + 0*u**3 - 5/24*u**4 + 0. Determine o(-2).
10
Suppose y - 12 + 10 = 0. Let b(c) = -2 + 12*c + 0 - 2*c**2 - 6*c + c**y. Calculate b(5).
3
Let q(t) be the third derivative of t**5/60 - t**4/24 - 7*t**2 - t. Give q(-2).
6
Let a(y) = -2*y + 0 - 4*y + 5*y + 1. Let c be 12/(-10)*(-5)/2. Give a(c).
-2
Suppose -3*a + 2*a = -3*j - 23, -3*a = 3. Let k(q) = q**2 + 6*q - 9. Give k(j).
7
Let o(i) = -7*i**3 + 6*i**2 + 7*i + 6. Let m(n) = -n**3 + n**2 + n + 1. Let c(r) = 6*m(